et t(u) = 143*u**2 - 4*u + 2. Let g be t(1). Calculate the highest common divisor of z and g.
47
Let s(h) = -17*h - 1. Suppose -13*u + 9*u = -8. Let y be -3*(u/15 + 7/35). Let o be s(y). What is the greatest common divisor of o and 2?
2
Let n = -3433 - -3441. What is the highest common divisor of n and 46?
2
Let d = 7 + -31. Let r be 1 + (d - -2) - -1. Let i = 1 - r. Calculate the greatest common divisor of 168 and i.
21
Let f = 176 + -180. Let v be -8 + (f - -10) + 135. What is the greatest common factor of 14 and v?
7
Let x be (57/(3135/(-880)) + (-7)/3)/((-15)/9). Let p = 2 + -1. Let m be -11*(-1 - p - -1). What is the highest common divisor of x and m?
11
Suppose 0 = -14*c + 15*c - 1080. Suppose -c = -13*o + o. What is the greatest common divisor of 27 and o?
9
Let o(c) = 2*c**3 + 51*c**2 + 136*c. Let k be o(-21). What is the greatest common divisor of 21 and k?
21
Let k be (-3)/6*(-1)/((-1)/58). Let l = 56 - k. What is the highest common factor of 5 and l?
5
Suppose -11*k + 56066 = -6*k - 2*n, -k + 4*n + 11188 = 0. What is the greatest common factor of 32 and k?
16
Let s(m) = -121*m + 418. Let b be s(-12). What is the greatest common divisor of 44 and b?
22
Let f = 7725 - 7700. Suppose 0 = -0*j + 4*j + 180. Let n = 130 - j. What is the greatest common divisor of n and f?
25
Let i = 65 + -63. Suppose 6 + 9 = -5*l, -4*l = i*b. Let y be 580/12 + 1/(-3). What is the highest common divisor of b and y?
6
Let k(w) = 7*w**2 - 29*w - 24. Let d be k(13). Calculate the highest common divisor of d and 34.
34
Suppose 0 = w - 3, -3*g + 24 + 33 = 5*w. Let l = 857 + -395. Suppose s - 4*s + l = 0. Calculate the greatest common factor of s and g.
14
Let t = -191 - -193. Suppose 8*c + t*c - 150 = 0. What is the highest common factor of 480 and c?
15
Let q = 6 - -2. Suppose -13*r + 174 = -496 + 384. What is the greatest common factor of r and q?
2
Let a(l) = l**3 - 3*l**2 + 3*l - 21. Let m be a(11). Suppose -20*g = -25*g + m. What is the highest common divisor of 126 and g?
14
Let p(g) = g + 368. Let y be p(0). Let f(o) = 5*o + 81. Let w be f(-16). Let d be ((-138)/4)/(w + 14/(-8)). Calculate the greatest common factor of d and y.
46
Suppose 22*d = 6*d + 640. Let o(j) = -j**3 + 4*j**2 + 7*j. Let k be o(5). Calculate the greatest common divisor of k and d.
10
Let l = 12637 - 11869. What is the greatest common factor of l and 72?
24
Let x(c) = -3*c**3 - 32*c**2 - 18*c + 42. Let p be x(-10). What is the highest common divisor of 13629 and p?
11
Let b(z) = z**3 + 5*z**2 + 4*z + 4. Let j be b(-4). Let p = j - -82. Suppose 0 = 84*f - p*f + 486. What is the highest common factor of f and 27?
27
Let x(n) = -5*n - 7. Let d be x(-4). Suppose 146 = j + 4*y - 70, 5*y - 426 = -2*j. What is the highest common divisor of j and d?
13
Let h be 4/(-18) - (528/54 - 10). Suppose h*a - 31*a = -4836. What is the highest common factor of a and 12?
12
Suppose 14*y = -758 - 12. Let s = y - -78. Suppose 3*a - 2*a + 3*z - 10 = 0, -3*a + s = 2*z. What is the greatest common factor of a and 49?
7
Let p be (54/42 - (-8)/(-28))/((-1)/(-2)). Let d = -5 + 2. Let l be (81/(-12))/(d/8). Calculate the highest common factor of l and p.
2
Suppose -5*b - 10 = 0, -14*o + 11*o = -b - 17873. Calculate the greatest common factor of 37 and o.
37
Let p be ((-45)/(-20))/3*-64. Let w = 57 + p. Let f be 9/w - 118*-1. Calculate the highest common divisor of f and 17.
17
Suppose -5196 = -4*m - 2*s, -5*m + 7605 = 4*s + 1113. Suppose 0*v = -3*x - v + 1945, -2*x - 4*v = -m. What is the highest common divisor of x and 24?
24
Let l(p) = 29*p**2 + 5*p + 20. Let b be l(-8). Calculate the greatest common divisor of 136 and b.
68
Suppose 5*q = -5*n + 355, -6 + 6 = 3*q. Calculate the greatest common factor of 4 and n.
1
Let q = -81 - -86. Let p be (5 - q) + (-10 - -5 - -74). What is the highest common divisor of p and 345?
69
Let v be 1 - ((-2334)/14 + 78/(-273)). Calculate the highest common divisor of v and 210.
42
Let c = -347 - -351. Calculate the greatest common divisor of 2228 and c.
4
Let o = -2236 - -9285. Calculate the highest common factor of 53 and o.
53
Suppose j - 245 + 69 = 0. Suppose n + 3*n = -4*k + 48, -k = -4*n - 2. Suppose -q = -12 - k. Calculate the highest common divisor of q and j.
22
Let x be -2 + (3/(-1) - -20). Suppose -9*d = -15*d + 240. Suppose -9*q + 50 = -d. What is the highest common divisor of x and q?
5
Suppose 91*v = -121*v + 6784. Calculate the greatest common divisor of 13 and v.
1
Suppose -8*f + 16 + 0 = 0. Let v be ((-2)/(-3))/((-7 + f)/(-465)). Calculate the highest common divisor of v and 186.
62
Suppose 0 = -3*f + 8*f + 160. Let i = f + 203. Let k = 2 + 7. What is the highest common divisor of i and k?
9
Let u be 99751405/4563 + 2/27. What is the greatest common factor of u and 42?
21
Let w be 8/20 + ((-716)/(-20) - (-1)/(-5)). Calculate the highest common divisor of w and 5922.
18
Let d = 53 - 20. Let g(a) = -a**2 - 5*a**3 - 5*a**3 + 2*a - 1 - a**2 + 11*a**3. Let s be g(2). Calculate the highest common factor of d and s.
3
Let c = 239 - 299. Let n = c + 104. Calculate the greatest common divisor of n and 121.
11
Let g = 232 + -223. Let q be ((-6)/2 - (-11)/3)*g. Let r(x) = 2*x**2 + 4*x. Let b be r(-3). What is the greatest common divisor of q and b?
6
Let o be 855/(-5) + (-9)/(-3). Let l be o/(-1 + -2) - -4. Let y be ((-45)/(-2))/(-13 - 162/(-12)). Calculate the highest common factor of y and l.
15
Suppose 2*u + 4*f = 7772, -3*u + 5*f = -5*u + 7778. What is the greatest common divisor of 1341 and u?
149
Suppose -99*d + 542 = -97*d. Let b = -234 + d. What is the highest common divisor of b and 592?
37
Suppose 142*n = 50*n + 38640. What is the highest common divisor of 3045 and n?
105
Suppose 9686*o - 9526*o - 9120 = 0. Let t = -1015 - -1471. Calculate the highest common factor of o and t.
57
Let o = 7 - -5. Let b be (26/10 - 5)*8/((-24)/465). What is the highest common factor of b and o?
12
Suppose 3*m = -0*m - 3. Let z be 107 - (m - (-1 + 3)). Suppose 1987 = 59*x + 689. What is the greatest common factor of z and x?
22
Let m = 421 + -41. Let u be 8*6/72 + 58/3. Calculate the highest common divisor of u and m.
20
Suppose -2*j + 910 = -2*r, -2*r - 1806 = 44*j - 48*j. What is the greatest common factor of j and 56?
56
Suppose 38*r - 50*r = -528. Calculate the greatest common factor of 671 and r.
11
Suppose -10*n = 19*n - 10*n. Suppose -a + 5*y + 35 = n, -2*y + 33 = 5*a - 34. What is the greatest common divisor of a and 3?
3
Suppose 0 = -6*y + 13*y + 2163. Let n = y - -315. What is the greatest common divisor of 57 and n?
3
Let g(o) = -22*o - 28. Suppose -l + 3 = 0, 3*p - l = 5*p + 15. Let u be g(p). Let y = -159 - -193. What is the highest common factor of u and y?
34
Suppose -401*s = -317*s - 147672. Calculate the highest common factor of 42 and s.
6
Let f = 418 + -398. Calculate the highest common divisor of f and 45.
5
Suppose 16*u - 8933 - 699 = 0. Suppose 3*s = -3*b + 2*s + 362, -s + u = 5*b. Calculate the highest common divisor of b and 4.
4
Let l(b) = -b**3 - 10*b**2 + b + 12. Let u be l(-10). Let t be u/4*24 + -6 + 2. Calculate the highest common divisor of 12 and t.
4
Let i = -1515 - -1547. Let k be (-352)/(-11) - (-6)/(-2). Suppose 11 + k = 5*a. What is the highest common divisor of a and i?
8
Suppose 4*k - 12 = 2*x, -3*k - 3*x + x = -16. Suppose 4*m = 6*m - 6, 40 = 4*f - k*m. What is the greatest common factor of 403 and f?
13
Suppose 4*v - 1120 = 3*y, -5*v = 3*y - 951 - 449. Let n be 1356/(-1469)*(-26)/4 - -8. Calculate the greatest common divisor of v and n.
14
Let x(k) = -9*k - 71. Let h be x(-8). Let a(f) = 143*f**2 + 18*f - 17. Let q be a(h). What is the highest common divisor of 192 and q?
48
Let l be (441/147)/((-9)/(-6)). What is the greatest common factor of 386 and l?
2
Let t(j) = -25*j + 1237. Let d be t(-63). What is the greatest common divisor of 76 and d?
76
Suppose 7000*g + 21960 = 7061*g. What is the greatest common divisor of 765 and g?
45
Suppose -10*l = 51*l - 31720. Suppose -b - 4 = 0, 4*k + 2*b = 5*b + 64. What is the highest common divisor of k and l?
13
Suppose 100 = 2*r + 5*g, -2*r + 96 = -0*r + 4*g. Suppose 21*h = -r*h + 2562. Let c = 778 - 400. What is the greatest common divisor of c and h?
42
Let o(d) = -d**2 - 5*d + 18. Let s = -43 + 3